{"id":5383,"date":"2018-04-30T18:58:05","date_gmt":"2018-04-30T18:58:05","guid":{"rendered":"https:\/\/clinicamedicadoporto.pt\/staging\/?page_id=5383"},"modified":"2025-08-01T16:48:06","modified_gmt":"2025-08-01T15:48:06","slug":"politica-de-privacidade-clinica-medica-do-porto","status":"publish","type":"page","link":"https:\/\/clinicamedicadoporto.pt\/staging\/politica-de-privacidade-clinica-medica-do-porto\/","title":{"rendered":"Pol\u00edtica de Privacidade"},"content":{"rendered":"<div class=\"wpb-content-wrapper\"><p>[vc_row css=&#8221;.vc_custom_1473068459828{margin-top: 3% !important;margin-bottom: 0px !important;padding-bottom: 0px !important;}&#8221;][vc_column]<header class=\"kwayy-heading-wrapper kwayy-heading-wrapper-align-left\"><div class=\"kwayy-heading-wrapper-inner\"><h2 class=\"kwayy-heading-align-left\"><span>Pol\u00edtica de Privacidade da Cl\u00ednica M\u00e9dica do Porto<\/span><\/h2><\/div><\/header>[\/vc_column][\/vc_row][vc_row css=&#8221;.vc_custom_1473068094221{margin-top: 0px !important;padding-top: 0px !important;}&#8221;][vc_column width=&#8221;1\/3&#8243;][vc_column_text]A nossa Pol\u00edtica de Privacidade visa proteger os direitos de quem visita o nosso dom\u00ednio ou quaisquer dos subdom\u00ednios perten\u00e7a da CMP, nomeadamente no que concerne \u00e0 privacidade dos seus dados pessoais, dando a conhecer os nossos tr\u00e2mites de actua\u00e7\u00e3o e a nossa responsabilidade. Adicionalmente, a presente Pol\u00edtica de Privacidade \u00e9 extens\u00edvel \u00e0 gest\u00e3o e recolha de dados pessoais em ambiente offline, dando cumprimento ao estipulado no Regulamento Geral de Protec\u00e7\u00e3o de Dados Pessoais.<\/p>\n<p><strong>Ao visitar o sit\u00edo web <a href=\"https:\/\/clinicamedicadoporto.pt\/staging\">Cl\u00ednica M\u00e9dica do Porto<\/a> ou quaisquer dos seus subdom\u00ednios estar\u00e1 a consentir com os termos da nossa Pol\u00edtica de Privacidade. Se n\u00e3o concorda com os nossos termos, por favor n\u00e3o utilize o nosso site ou quaisquer dos seus subdom\u00ednios.<\/strong><\/p>\n<p><strong>1 \u00c2mbito\u00a0<\/strong>A Pol\u00edtica de Privacidade da Cl\u00ednica M\u00e9dica do Porto diz respeito aos dados e informa\u00e7\u00e3o colectada enquanto navega no nosso website ou seus subdom\u00ednios, ou \u00e0 circunst\u00e2ncia em que estes s\u00e3o recolhidos em ambiente offline. A Pol\u00edtica de Privacidade da CMP n\u00e3o \u00e9 extens\u00edvel a outras entidades n\u00e3o relacionadas com a sua personalidade jur\u00eddica. Isso significa que a CMP n\u00e3o assume a responsabilidade actua\u00e7\u00e3o de quaisquer entidades terceiras, mesmo nas circunst\u00e2ncias em que os seus aplicativos inform\u00e1ticos, c\u00f3digo, ou plataformas sejam utilizadas pela pr\u00f3pria CMP. Tal acontece porque a CMP n\u00e3o tem qualquer interven\u00e7\u00e3o na gest\u00e3o destes aplicativos\/ softwares\/ plataforma, apenas procedendo nestes casos \u00e0 integra\u00e7\u00e3o destas no seu website, quando tal \u00e9 aplic\u00e1vel &#8211; (alguns exemplos incluem entidades como o <a href=\"https:\/\/www.facebook.com\/about\/privacy\/update?ref=old_policy\" target=\"_blank\" rel=\"noopener noreferrer\">facebook<\/a>, <a href=\"https:\/\/help.instagram.com\/519522125107875?helpref=page_content\" target=\"_blank\" rel=\"noopener noreferrer\">instagram<\/a>, <a href=\"https:\/\/policies.google.com\/privacy\" target=\"_blank\" rel=\"noopener noreferrer\">google<\/a>, wordpress, entre outros.). Estas entidades tem Pol\u00edticas de Privacidade espec\u00edficas e a refer\u00eancia \u00e0s mesmas dever\u00e1 ser realizada em sede pr\u00f3pria.\u00a0<strong>2 Tipologia dos Dados\u00a0<\/strong>As informa\u00e7\u00f5es registadas pela CMP podem dividir-se em duas tipologias gen\u00e9ricas: as que s\u00e3o colectadas de forma automatizada pelos sistemas inform\u00e1ticos (ver abaixo informa\u00e7\u00e3o relativo \u00e0 pol\u00edtica de cookies), e aquelas que s\u00e3o facultadas pelo utilizador do site e\/ou dos nossos servi\u00e7os.\u00a0<strong>2a)<\/strong> Dados de recolha automatizada &#8211; <a href=\"https:\/\/en.wikipedia.org\/wiki\/HTTP_cookie\" target=\"_blank\" rel=\"noopener noreferrer\">Cookies<\/a> &#8211; Os cookies s\u00e3o ficheiros de texto com informa\u00e7\u00e3o digital que se armazenam no disco r\u00edgido do utilizador depois de este aceder a uma p\u00e1gina web. Numa pr\u00f3xima vez que o utilizador aceda \u00e0 p\u00e1gina anteriormente visitada, esse ficheiro sinaliza a sua presen\u00e7a. A Cl\u00ednica M\u00e9dica do Porto utiliza cookies no seu site, e a informa\u00e7\u00e3o recolhida \u00e9 referente \u00e0s p\u00e1ginas do site pelas quais o utilizador tenha navegado. Este servi\u00e7o \u00e9 recebido por via de empresas terceiras (Google Inc.). S\u00e3o recolhidas informa\u00e7\u00f5es tais como o tipo de browser que o utilizador est\u00e1 a utilizar, o local e per\u00edodo do acesso, bem como a p\u00e1gina que est\u00e1 a ser visitada. A finalidade deste procedimento \u00e9 melhorar a experi\u00eancia de utiliza\u00e7\u00e3o do site, bem como recolher informa\u00e7\u00e3o acerca das prefer\u00eancias dos utilizadores relativamente ao site. Caso o utilizador tenha configurado o seu navegador web de tal forma que impe\u00e7a a cria\u00e7\u00e3o de cookies ou o avise deste facto, tal n\u00e3o impedir\u00e1 que o Usu\u00e1rio aceda ao Site, mas poder\u00e1 impedir o correcto funcionamento do mesmo.\u00a0<strong>2b)<\/strong> Dados facultados pelos utilizadores em ambiente online &#8211; A Cl\u00ednica M\u00e9dica do Porto n\u00e3o apresenta uma plataforma de registo dos seus utilizadores (intranet), no entanto, em algumas p\u00e1ginas, encontrar\u00e1 um formul\u00e1rio de inscri\u00e7\u00e3o onde o utilizador \u00e9 convidado a inscrever-se na lista de distribui\u00e7\u00e3o da CMP, e atrav\u00e9s do qual s\u00e3o registados os seguintes dados: Nome (Primeiro e \u00daltimo); Data de Nascimento; G\u00e9nero; Email. Este tipo de informa\u00e7\u00e3o ir\u00e1 ajudar-nos a conhec\u00ea-lo melhor de forma a direccionar o tipo de comunica\u00e7\u00e3o.\u00a0<strong>2c)<\/strong> Dados recolhidos em ambiente offline c1)Existem dados espec\u00edficos, destinados \u00e0 gest\u00e3o cl\u00ednica,que s\u00e3o recolhidas pelo(s) cl\u00ednico(s) respons\u00e1vel pelos servi\u00e7os prestados, cabendo \u00e0 Cl\u00ednica M\u00e9dica do Porto, quando tal \u00e9 solicitado, o seu arquivo em suporte f\u00edsico ou digital. c2) Adicionalmente, a Cl\u00ednica M\u00e9dica do Porto, por obriga\u00e7\u00e3o fiscal, regista e trata dados destinados a actividades de registo contabil\u00edstico, bem como aqueles respeitantes a actividades correntes e comerciais. Estes dados s\u00e3o registados e tratados por via de sistemas inform\u00e1ticos pr\u00f3prios, recorrendo a software propriet\u00e1rio, devidamente licenciado. A recolha manual ocorre mediante autoriza\u00e7\u00e3o e consentimento apresentado em suporte f\u00edsico ao seu titular. O registo e o tratamento destes dados \u00e9 realizado na medida dos meios e recursos dispon\u00edveis, em cumprimento ao Regulamento Geral de Protec\u00e7\u00e3o de Dados (<a href=\"http:\/\/eur-lex.europa.eu\/legal-content\/EN\/TXT\/?uri=uriserv:OJ.L_.2016.119.01.0001.01.ENG\" target=\"_blank\" rel=\"noopener noreferrer\">EU 2016\/679<\/a>).[\/vc_column_text][\/vc_column][vc_column width=&#8221;1\/3&#8243;][vc_column_text]<strong>3 Identifica\u00e7\u00e3o da Entidade que Trata os Dados\u00a0<\/strong>A Cl\u00ednica M\u00e9dica do Porto \u00e9 a respons\u00e1vel pelo registo e tratamento dos dados pessoais dos seus titulares. A Cl\u00ednica M\u00e9dica do Porto \u00e9 uma marca da sociedade comercial NUTHOP &#8211; Servi\u00e7os de Sa\u00fade, Lda. legalmente constitu\u00edda no \u00e2mbito da legisla\u00e7\u00e3o Portuguesa, com o N\u00famero de Identifica\u00e7\u00e3o Fiscal 513 903 453 e sede na Rua da Venezuela, n185, 4150-004 na cidade do Porto. A Cl\u00ednica M\u00e9dica do Porto \u00e9 detentora da autoriza\u00e7\u00e3o n\u00ba3380-17 emitida pela Comiss\u00e3o Nacional de Protec\u00e7\u00e3o de Dados para o registo e gest\u00e3o de processos cl\u00ednicos, prescri\u00e7\u00e3o electr\u00f3nica de medicamentos, dados de marca\u00e7\u00e3o de actos cl\u00ednicos e factura\u00e7\u00e3o.\u00a0<strong>4 Tratamento dos Dados\u00a0<\/strong>O tratamento dos dados pessoais pela Cl\u00ednica M\u00e9dica do Porto rege-se pelos princ\u00edpios de licitude, lealdade e transpar\u00eancia, no estrito respeito pela reserva da vida privada, direitos, liberdades e garantias fundamentais dos seus titulares. Neste \u00e2mbito, a Cl\u00ednica M\u00e9dica do Porto compromete-se a guardar sigilo sobre os dados recolhidos, na medida do estado da tecnologia dispon\u00edvel, confidencializando as informa\u00e7\u00f5es tratadas por este meio e adoptando adicionalmente as medidas necess\u00e1rias para evitar a sua perda, extravio ou manipula\u00e7\u00e3o indevida. Os dados recolhidos destinam-se a:\u00a0<strong>4a)<\/strong> Providenciar o servi\u00e7o cl\u00ednico (Dados Cl\u00ednicos);\u00a0<strong>4b)<\/strong> Permitir o registo legal e fiscal da actividade (Dados de Factura\u00e7\u00e3o);\u00a0<strong>4c)<\/strong> Melhorar a experi\u00eancia de usabilidade online (Dados Automatizados); <strong>4d)<\/strong> Conhecer melhor o utilizador do site, ou os seus clientes, permitindo-lhe ajustar o tipo de comunica\u00e7\u00e3o que \u00e9 realizada (Dados de Marketing). Exemplo (d): Ao inscrever-se na nossa lista de distribui\u00e7\u00e3o, e admitindo que nos autoriza ao envio de newsletters, iremos por essa via comunicar-lhe servi\u00e7os que comercializamos, ofertas e promo\u00e7\u00f5es em vigor, ou dar-lhe conta das publica\u00e7\u00f5es do nosso blog. J\u00e1 a recolha de informa\u00e7\u00e3o por via de cookies ir\u00e1 permitir uma an\u00e1lise estat\u00edstica anonimizada (n\u00e3o identific\u00e1vel), das visitas ao nosso site, por forma a melhorar a sua experi\u00eancia de utiliza\u00e7\u00e3o. <span class=\"s1\">e) Ao iniciar um contato com a Cl\u00ednica M\u00e9dica do Porto, os seus dados ser\u00e3o exclusivamente utilizados para responder \u00e0s informa\u00e7\u00f5es que nos solicita, respeitando o restante tratamento exposto neste documento. Nesse sentido n\u00e3o<span class=\"Apple-converted-space\">\u00a0 <\/span>ser\u00e3o mantidos em base de dados, transmitidos a terceiros ou usados para qualquer outro tipo de comunica\u00e7\u00e3o iniciada pela Cl\u00ednica M\u00e9dica do Porto, que n\u00e3o esteja relacionada com o \u00e2mbito do contacto inicial. <\/span><strong>5 Ced\u00eancia de Dados\u00a0<\/strong>A Cl\u00ednica M\u00e9dica do Porto assegura que n\u00e3o cede a terceiros quaisquer dados dos seus titulares, exceptuando-se circunst\u00e2ncias espec\u00edficas que envolvam responsabilidade cl\u00ednica para salvaguarda do bem-estar da pessoa, ou salvo se a isso for obrigado por quest\u00f5es legais, comprometendo-se ainda \u00e0 sua elimina\u00e7\u00e3o findos 15 anos da sua \u00faltima utiliza\u00e7\u00e3o, ou da \u00faltima interac\u00e7\u00e3o com o seu titular. <strong>6 Direito do Titular dos Dados\u00a0<\/strong>A qualquer momento o utilizador\/cliente\/subscritor poder\u00e1 solicitar a actualiza\u00e7\u00e3o dos dados, a sua correc\u00e7\u00e3o ou elimina\u00e7\u00e3o definitiva (esquecimento) de forma simples (desde que a elimina\u00e7\u00e3o n\u00e3o coloque em causa outras eventuais obriga\u00e7\u00f5es legais ou os seus interesses leg\u00edtimos, &#8211; art\u00ba6, n1 al\u00ednea f do RGPD). Para tal, basta enviar-nos uma comunica\u00e7\u00e3o com a express\u00e3o dessa vontade remetido por email para quaisquer das moradas electr\u00f3nicas da Cl\u00ednica M\u00e9dica do Porto, no <a href=\"https:\/\/clinicamedicadoporto.pt\/staging\" target=\"_blank\" rel=\"noopener noreferrer\">formul\u00e1rio<\/a> no site, ou por escrito para a sede da Cl\u00ednica M\u00e9dica do Porto. No caso de pedidos de esquecimento, a remo\u00e7\u00e3o ser\u00e1 realizada com a maior brevidade poss\u00edvel, estimando-se um per\u00edodo n\u00e3o superior a 15 dias para que tal remo\u00e7\u00e3o produza efeitos. A CMP reserva-se o direito de reter as respectivas informa\u00e7\u00e3o quando houver uma raz\u00e3o legal subjacente para tal. Relativamente ao direito de acesso espec\u00edfico a dados de sa\u00fade e de processo cl\u00ednico, esse \u00e9 exercido por interm\u00e9dio de m\u00e9dico ou cl\u00ednico escolhido pelo seu titular (utente). TODAS as comunica\u00e7\u00f5es realizadas no \u00e2mbito de campanhas de Email Marketing da Cl\u00ednica M\u00e9dica do Porto incluem um mecanismo de Opting Out. Tal significa que o cliente, utilizador, ou subscritor, pode a qualquer momento, e sem necessidades de quaisquer tr\u00e2mites adicionais, proceder \u00e0 elimina\u00e7\u00e3o dos seus dados de forma simples e imediata, clicando no link respectivo da mensagem.[\/vc_column_text][\/vc_column][vc_column width=&#8221;1\/3&#8243;][vc_column_text]<strong><span class=\"s1\">7 Seguran\u00e7a\u00a0<\/span><\/strong><span class=\"s1\">A Cl\u00ednica M\u00e9dica do Porto executa e coloca em pr\u00e1tica todas medidas de seguran\u00e7a ao seu alcance e na medida dos seus recursos, para garantir a protec\u00e7\u00e3o das comunica\u00e7\u00f5es electr\u00f3nicas, mas n\u00e3o pode garantir de forma definitiva a inviolabilidade dos sistemas. Embora as comunica\u00e7\u00f5es pela internet possam ser criptografadas, n\u00e3o podemos garantir a inexist\u00eancia de ataques maliciosos e\/ou que nesse \u00e2mbito, as informa\u00e7\u00f5es n\u00e3o sejam visualizadas. O envio de informa\u00e7\u00f5es por via electr\u00f3nica nunca \u00e9 totalmente seguro. Para os casos em que a submiss\u00e3o destes dados \u00e9 realizada por esta via, admite-se que ao clicar em \u201csubscrever newsletter\u201d, ou em qualquer outro bot\u00e3o com a mesma finalidade, o titular tem consci\u00eancia desse facto, dando o consentimento ao tratamento dos dados nos termos exarados. <\/span><strong><span class=\"s1\">8 Actualiza\u00e7\u00e3o da Pol\u00edtica de Privacidade\u00a0<\/span><\/strong><span class=\"s1\">A Cl\u00ednica M\u00e9dica do Porto reserva-se o direito de modificar sem aviso pr\u00e9vio a presente Pol\u00edtica de Privacidade, comprometendo-se por\u00e9m, a comunicar as respectivas altera\u00e7\u00f5es com a brevidade poss\u00edvel, especialmente quando estas representarem uma altera\u00e7\u00e3o determinantemente fracturante na utiliza\u00e7\u00e3o dos nossos servi\u00e7os. Os <a href=\"https:\/\/clinicamedicadoporto.pt\/staging\/termos-de-utilizacao\/\" target=\"_blank\" rel=\"noopener noreferrer\">Termos de Utiliza\u00e7\u00e3o<\/a> do site da <a href=\"https:\/\/clinicamedicadoporto.pt\/staging\" target=\"_blank\" rel=\"noopener noreferrer\">Cl\u00ednica M\u00e9dica do Porto<\/a>\u00a0encontram-se igualmente publicados.\u00a0<\/span><strong><span class=\"s1\">9 Enquadramento Legal\u00a0<\/span><\/strong><span class=\"s1\">Lei 67\/98;\u00a0<\/span><span class=\"s1\">Lei 103\/2015;\u00a0<\/span><span class=\"s1\">Portaria 274\/200;\u00a0<\/span><span class=\"s1\">EU 2016\/679.<\/span><\/p>\n<p class=\"p1\"><strong><span class=\"s1\">\u00daltima Actualiza\u00e7\u00e3o<br \/>\n<\/span><\/strong><strong><span class=\"s1\">17 de Mar\u00e7o de 2023<\/span><\/strong><\/p>\n<p>[\/vc_column_text][\/vc_column][vc_column][vc_empty_space height=&#8221;50px&#8221;][\/vc_column][\/vc_row]<\/p>\n<\/div>","protected":false},"excerpt":{"rendered":"<p>[vc_row css=&#8221;.vc_custom_1473068459828{margin-top: 3% !important;margin-bottom: 0px !important;padding-bottom: 0px !important;}&#8221;][vc_column][\/vc_column][\/vc_row][vc_row css=&#8221;.vc_custom_1473068094221{margin-top: 0px !important;padding-top: 0px !important;}&#8221;][vc_column width=&#8221;1\/3&#8243;][vc_column_text]A nossa Pol\u00edtica de Privacidade visa proteger os direitos de quem visita o nosso dom\u00ednio ou quaisquer dos subdom\u00ednios perten\u00e7a da CMP, nomeadamente no que concerne \u00e0 privacidade dos seus dados pessoais, dando a conhecer os nossos tr\u00e2mites de actua\u00e7\u00e3o e a [&hellip;]<\/p>\n","protected":false},"author":1,"featured_media":0,"parent":0,"menu_order":0,"comment_status":"closed","ping_status":"closed","template":"","meta":{"footnotes":""},"folder":[656],"class_list":["post-5383","page","type-page","status-publish","hentry"],"_links":{"self":[{"href":"https:\/\/clinicamedicadoporto.pt\/staging\/wp-json\/wp\/v2\/pages\/5383","targetHints":{"allow":["GET"]}}],"collection":[{"href":"https:\/\/clinicamedicadoporto.pt\/staging\/wp-json\/wp\/v2\/pages"}],"about":[{"href":"https:\/\/clinicamedicadoporto.pt\/staging\/wp-json\/wp\/v2\/types\/page"}],"author":[{"embeddable":true,"href":"https:\/\/clinicamedicadoporto.pt\/staging\/wp-json\/wp\/v2\/users\/1"}],"replies":[{"embeddable":true,"href":"https:\/\/clinicamedicadoporto.pt\/staging\/wp-json\/wp\/v2\/comments?post=5383"}],"version-history":[{"count":0,"href":"https:\/\/clinicamedicadoporto.pt\/staging\/wp-json\/wp\/v2\/pages\/5383\/revisions"}],"wp:attachment":[{"href":"https:\/\/clinicamedicadoporto.pt\/staging\/wp-json\/wp\/v2\/media?parent=5383"}],"wp:term":[{"taxonomy":"folder","embeddable":true,"href":"https:\/\/clinicamedicadoporto.pt\/staging\/wp-json\/wp\/v2\/folder?post=5383"}],"curies":[{"name":"wp","href":"https:\/\/api.w.org\/{rel}","templated":true}]}}